oes 450 divide 78626?
False
Is 18 a factor of 57798?
True
Does 8 divide 77424?
True
Does 153 divide 41545?
False
Is 406650 a multiple of 77?
False
Is 493500 a multiple of 750?
True
Is 16 a factor of 376000?
True
Is 1637559 a multiple of 1071?
True
Is 18 a factor of 27140?
False
Does 22 divide 1201816?
True
Does 17 divide 148266?
False
Is 1140920 a multiple of 22?
True
Is 889 a factor of 1564807?
False
Does 63 divide 381654?
True
Does 22 divide 262475?
False
Does 743 divide 23651608?
False
Does 5 divide 4459635?
True
Does 31 divide 323671?
True
Is 38745 a multiple of 287?
True
Is 141844 a multiple of 12?
False
Is 243 a factor of 3780300?
False
Is 14 a factor of 538230?
True
Does 14 divide 182449?
False
Does 11 divide 54791?
True
Is 16 a factor of 586992?
True
Is 12379595 a multiple of 22?
False
Is 38 a factor of 1650986?
True
Does 19 divide 105564?
True
Does 11 divide 399778?
False
Does 100 divide 385500?
True
Is 51 a factor of 36992?
False
Is 10 a factor of 618260?
True
Does 44 divide 406076?
True
Is 389 a factor of 221341?
True
Does 1367 divide 11136117?
False
Does 32 divide 687010?
False
Does 1089 divide 1178298?
True
Does 3 divide 4213?
False
Does 238 divide 10487184?
False
Does 20 divide 729379?
False
Is 514509 a multiple of 47?
True
Is 188073 a multiple of 85?
False
Is 36 a factor of 254376?
True
Is 652974 a multiple of 294?
True
Does 493 divide 1635672?
False
Is 26 a factor of 175630?
True
Does 139 divide 1642424?
True
Is 6 a factor of 44322?
True
Does 40 divide 9212400?
True
Is 782841 a multiple of 28?
False
Is 39660 a multiple of 30?
True
Does 465 divide 636567?
False
Does 71 divide 1065?
True
Does 162 divide 191808?
True
Does 66 divide 6090942?
True
Is 623638 a multiple of 80?
False
Does 101 divide 353298?
True
Does 133 divide 279300?
True
Does 38 divide 998754?
True
Is 18 a factor of 976338?
True
Does 12 divide 147228?
True
Is 1057838 a multiple of 419?
False
Is 311 a factor of 554805?
False
Is 487 a factor of 339926?
True
Is 75000 a multiple of 40?
True
Does 41 divide 256376?
False
Is 731 a factor of 5351651?
True
Is 25 a factor of 4191341?
False
Is 170641 a multiple of 215?
False
Does 68 divide 19503455?
False
Is 53 a factor of 4713236?
False
Is 133 a factor of 8703307?
False
Does 19 divide 1139468?
True
Is 3894275 a multiple of 1225?
True
Is 288759 a multiple of 100?
False
Is 570105 a multiple of 15?
True
Does 110 divide 14244359?
False
Is 1755335 a multiple of 8?
False
Does 191 divide 341219?
False
Is 18 a factor of 116040?
False
Does 31 divide 3142162?
False
Does 658 divide 857427?
False
Does 5 divide 762613?
False
Is 248958 a multiple of 9?
True
Is 11817950 a multiple of 71?
True
Does 1129 divide 12718250?
False
Is 261 a factor of 4816740?
False
Is 371042 a multiple of 14?
True
Is 371512 a multiple of 5?
False
Is 2142095 a multiple of 47?
False
Is 292189 a multiple of 32?
False
Is 45 a factor of 984375?
True
Does 1131 divide 3499314?
True
Does 22 divide 702834?
True
Is 62443 a multiple of 891?
False
Is 161878 a multiple of 54?
False
Does 2 divide 59296?
True
Is 449 a factor of 1829675?
True
Does 120 divide 1756080?
True
Does 8 divide 22712?
True
Is 4691388 a multiple of 221?
True
Is 1692645 a multiple of 487?
False
Is 20 a factor of 27407329?
False
Is 24503 a multiple of 107?
True
Is 52 a factor of 414888?
False
Is 2 a factor of 14118?
True
Does 167 divide 3221751?
False
Does 15 divide 15026145?
True
Is 5 a factor of 575505?
True
Does 409 divide 3183996?
False
Is 21371 a multiple of 43?
True
Is 3 a factor of 293312?
False
Does 29 divide 1880737?
True
Is 6 a factor of 18210?
True
Is 15 a factor of 4770885?
True
Is 8 a factor of 358579?
False
Is 185896 a multiple of 38?
True
Is 26 a factor of 474084?
True
Is 154 a factor of 10184944?
True
Is 106757 a multiple of 151?
True
Does 6 divide 9234498?
True
Is 311103 a multiple of 54?
False
Is 55 a factor of 269170?
True
Is 592232 a multiple of 8?
True
Does 2 divide 23673?
False
Is 343334 a multiple of 489?
False
Does 867 divide 3797619?
False
Is 56850 a multiple of 75?
True
Is 579 a factor of 181330?
False
Does 159 divide 1266036?
False
Does 2 divide 912?
True
Does 48 divide 56832?
True
Is 37 a factor of 589135?
False
Is 352314 a multiple of 138?
True
Is 41952 a multiple of 16?
True
Does 285 divide 1716323?
False
Is 37 a factor of 4184219?
True
Is 1422672 a multiple of 48?
True
Does 17 divide 928144?
False
Is 8 a factor of 5553?
False
Is 28356790 a multiple of 49?
True
Is 4836 a multiple of 12?
True
Does 8 divide 58383?
False
Does 77 divide 354989?
False
Does 448 divide 18136832?
True
Is 117 a factor of 361895?
False
Does 37 divide 44289?
True
Is 11879408 a multiple of 152?
True
Does 341 divide 92752?
True
Is 43 a factor of 100362?
True
Is 244 a factor of 422621?
False
Does 13 divide 260699?
False
Does 12 divide 1728192?
True
Does 443 divide 46360?
False
Is 708960 a multiple of 240?
True
Is 67 a factor of 1734697?
True
Is 7 a factor of 58366?
True
Is 9958643 a multiple of 1618?
False
Does 12 divide 14364?
True
Is 146 a factor of 27010?
True
Does 234 divide 3119454?
True
Is 26 a factor of 15252?
False
Does 36 divide 8640?
True
Is 50 a factor of 7093950?
True
Is 20 a factor of 122524?
False
Is 51550 a multiple of 25?
True
Is 4530607 a multiple of 1132?
False
Is 63 a factor of 73203?
False
Is 19 a factor of 1390705?
True
Is 4737796 a multiple of 37?
False
Does 25 divide 242325?
True
Does 449 divide 390181?
True
Is 291 a factor of 1891500?
True
Is 13752 a multiple of 373?
False
Is 691933 a multiple of 11?
True
Is 252574 a multiple of 234?
False
Is 48 a factor of 209575?
False
Does 19 divide 97679?
True
Is 18030441 a multiple of 13?
True
Does 8 divide 339019?
False
Is 1657009 a multiple of 19?
True
Does 13 divide 192987?
False
Does 40 divide 23782080?
True
Is 17 a factor of 150374?
False
Does 250 divide 165000?
True
Is 147112 a multiple of 284?
True
Is 708588 a multiple of 729?
True
Is 1908846 a multiple of 2?
True
Is 403697 a multiple of 707?
True
Does 202 divide 505000?
True
Does 28 divide 28587?
False
Does 7 divide 1857102?
False
Is 200 a factor of 160962?
False
Is 52265 a multiple of 9?
False
Does 10 divide 1142170?
True
Does 49 divide 930167?
True
Is 18464 a multiple of 183?
False
Is 159 a factor of 2747580?
False
Does 21 divide 137750?
False
Does 39 divide 164151?
True
Does 1570 divide 8028980?
True
Is 18 a factor of 86634?
True
Is 806886 a multiple of 9?
True
Is 5239700 a multiple of 100?
True
Does 127 divide 1178857?
False
Does 111 divide 52744?
False
Is 579 a factor of 446543?
False
Does 12 divide 423828?
True
Is 1636093 a multiple of 1541?
False
Is 3035480 a multiple of 56?
True
Is 136 a factor of 381750?
False
Does 115 divide 2069425?
True
Is 68470 a multiple of 205?
True
Does 246 divide 318324?
True
Does 21 divide 46087?
False
Is 232 even?
True
Is 1412820 a multiple of 112?
False
Is 53359 a multiple of 7?
False
Is 7631751 a multiple of 17?
False
Is 7 a factor of 101090?
False
Is 14693306 a multiple of 135?
False
Is 192152 a multiple of 3?
False
Is 12645288 a multiple of 27?
True
Does 24 divide 318192?
True
Is 27290 a multiple of 6?
False
Does 2 divide 601193?
False
Is 36 a factor of 3132?
True
Is 84 a factor of 88776?
False
Is 11 a factor of 150612?
True
Is 490860 a multiple of 162?
True
Does 83 divide 227273?
False
Does 3 divide 165684?
True
Does 82 divide 246425?
False
Is 6318 a multiple of 13?
True
Is 313974 a multiple of 9?
True
Is 18 a factor of 141678?
True
Does 11 divide 4813?
False
Does 150 divide 17865?
False
Is 3565 a multiple of 115?
True
Is 113 a factor of 207355?
True
Does 21 divide 229971?
True
Is 864713 a multiple of 4?
False
Is 581000 a multiple of 125?
True
Is 1623125 a multiple of 625?
True
Is 231 a factor of 51060?
False
Is 666358 a multiple of 154?
True
Is 3504696 a multiple of 94?
True
Is 24 a factor of 800990?
False
Does 532 divide 35739228?
True
Does 39 divide 67181?
False
Is 86 a factor of 1175767?
False
Does 36 divide 121896?
True
Is 965125 a multiple of 64?
False
Does 9 divide 30032?
False
Is 129244 a multiple of 409?
True
Is 108377 a multiple of 239?
False
Is 98130 a multiple of 5?
True
Does 272 divide 6773014?
False
Is 814554 a multiple of 59?
True
Is 2352550 a multiple of 10?
True
Is 228376 a multiple of 2?
True
Is 167600 a multiple of 16?
True
I